 1124 = u - j. Is u composite?
True
Suppose 79*q = 76*q + 54. Let m(d) = -16*d - 20*d**2 + 5 + 3*d**2 + d + d**3. Is m(q) prime?
True
Let x = -6 + 2. Let d be 439*7 + 15/5 + x. Let f = d + -1379. Is f prime?
True
Let y be 7 + -4 + 0/1. Suppose 0*t = -y*t + 8172. Suppose -3*o = 2*o + 5, 0 = -2*z + 2*o + t. Is z a composite number?
False
Let t(d) = -7971*d + 295. Let h(m) = 2657*m - 97. Let g(j) = -7*h(j) - 2*t(j). Is g(-4) prime?
False
Suppose -6*u - 9762 - 2382 = 0. Suppose -6186 = -2*y - 4*l - 0*l, 3*y + l = 9279. Let x = y + u. Is x composite?
False
Let o = 54 - 51. Suppose 2*b + 27093 = 3*g - b, -o*b = -g + 9035. Is g a prime number?
True
Is (-4 - 2 - -34907) + -4 prime?
True
Suppose -30 = -5*t + n, -3*n - 16 - 19 = -4*t. Suppose s + s = 2*v - 5998, -s - 3007 = -t*v. Is s/(-9) + 2/(-1) composite?
False
Let w be (0 + (-46)/(-5))*(-214 - 1). Let m = 3341 + w. Is m prime?
False
Let d be (6 + -1 + -3)*1. Suppose -i = -1, -3*l = d*l + 3*i - 58588. Is l composite?
False
Suppose 27*d - 38*d = 192*d - 3460541. Is d prime?
True
Let r(m) = 708*m - 1. Let z be r(-3). Let w = z - -5074. Is w composite?
True
Let j = -52118 - -107461. Is j prime?
True
Let f be 572/(-19) - (-40)/380. Is (6730/f)/((-1)/3) composite?
False
Let c(m) = 54*m - 20. Suppose -3*o - 23 = -53. Let u(a) = 162*a - 60. Let y(d) = o*c(d) - 3*u(d). Is y(9) composite?
True
Suppose -4*g + 52 = 22*g. Suppose -2*p - 7807 = -2*v - 44907, 4*p - g*v = 74206. Is p composite?
False
Suppose -5*h = 8*t - 4*t - 403171, -3*t = h - 80632. Is h prime?
False
Let r(p) = p - 28*p**3 - 31*p**3 + 3*p**2 - 25 - 25*p**2 + 60*p**3. Is r(27) a prime number?
False
Let d(w) = -67227*w + 1984. Is d(-5) composite?
False
Let q be (27/(-6) - -1)/(2/(-4)). Suppose -39 = -q*b - 4. Is ((-25)/b - -9)*127/4 composite?
False
Let h(d) = -299*d + 27. Let l be h(-4). Let k = l + -2428. Is 7 + -2 - (k + -1) a prime number?
False
Is (-2)/(12/15*((-1669725)/(-333954) - 5)) prime?
True
Let v be 586929/14 - 1/(-2). Suppose u - 31471 = -3*h - 3*u, -4*h + v = -4*u. Is 2/(-5) + h/25 a composite number?
False
Suppose 31*m - 32274744 = -33*m + 15696008. Is m a composite number?
False
Suppose 39*t - 32*t = -77. Let y(k) = 71*k**2 + 25*k - 5. Is y(t) a composite number?
False
Let u = 50 - 51. Let g be 44/6 - u/(-3). Suppose g*n = -1823 + 7206. Is n a composite number?
False
Let m = 79 + -79. Suppose 20 = 2*k - h, m = h - 4 + 2. Suppose 0 = k*x - 8*x - 2001. Is x a composite number?
True
Suppose 108*n - 106 = -z + 111*n, 0 = -5*z - 4*n + 663. Is z prime?
True
Let n(g) = -7*g**3 - 2*g**2 - g - 2. Let r(m) = -3*m + 45. Let z be r(14). Let a(i) = 6*i**3 + 2*i**2 + 1. Let w(d) = z*a(d) + 2*n(d). Is w(2) composite?
True
Suppose -y - 37 - 1178 = -5*z, -3*y = -2*z + 3710. Let w(v) = -2208*v**3 + 2*v + 1. Let d be w(-1). Let g = d + y. Is g a composite number?
False
Let k = 27990 + -39362. Is k/6*(-51)/34 a composite number?
False
Let h(t) = 2*t**3 - 2*t**2 + 7*t - 30. Let r be h(11). Let g = -1626 + r. Is g composite?
True
Let d be (-1)/3 + (-58542)/(-18). Suppose -5*q = -5*h - d - 1113, 3*h - 2*q = -2616. Is (-1)/(-3)*-3 - h a prime number?
False
Let v(l) = 6*l + 43. Let x(u) = 11*u + 86. Let q(d) = 13*v(d) - 6*x(d). Let m be (-123)/(-5) + (14/10 - 2). Is q(m) prime?
True
Suppose 134*f - 128*f = -18. Let c(y) = 4*y + 22*y**2 - 1 + 2*y - 4*y. Is c(f) prime?
True
Is ((-66)/(-308))/(15/20) - (-1072335)/7 a prime number?
True
Suppose 385995 = q + 129*o - 132*o, 5*o - 1544048 = -4*q. Is q composite?
True
Suppose w - 2*d = 129481, 5*w - 5*d - 654700 = -7270. Is w a composite number?
False
Let z = 70331 - 41776. Suppose 0*r - z = -5*k - 5*r, 8 = 2*r. Is k composite?
True
Let k be (3/(-9))/(3/(-18)). Let q be 6*k/6 + 4. Suppose 0 = q*p - 2693 - 793. Is p a composite number?
True
Let u(k) = -3*k**3 - 5*k**2 - 12*k + 11. Let c(z) = -z**2 - 4*z + 6. Let f be c(-4). Suppose 50 = -f*d + d. Is u(d) prime?
False
Let f(j) be the third derivative of 781*j**5/30 - j**4/4 + 5*j**3/6 - 50*j**2. Is f(1) a composite number?
True
Suppose 2*z + 12 = 2*b, 9*b - 5*b = -5*z + 6. Suppose -1539 = -b*a - 151. Is a a composite number?
False
Let f = 178178 + -62545. Is f a prime number?
False
Let s(u) = 5*u - 91. Let p be s(19). Suppose p*i = -0*i + 652. Is i prime?
True
Let w be 69/27*69 - 2/6. Let x be w/16*214/2. Suppose -43*a + 44*a - x = 0. Is a a prime number?
False
Let q be -9*(-12)/126*(-7)/(-2). Let f(u) = 3049*u + 36. Is f(q) composite?
True
Let d(m) = -2*m - 71. Let u be d(-36). Is -2*u/(-2)*12893 a composite number?
False
Is 649878/3 - (-14 + 7) prime?
False
Let x(t) = -10*t**3 - 2*t**2 + 9*t - 1. Let p(l) = 0 + 8 + 18 + 3*l. Let u be p(-10). Is x(u) a composite number?
False
Let i be 329*(-3)/6*(1 - 5). Let j(p) = 6*p**3 - 3*p**2 - 2*p - 2. Let b be j(3). Let f = b + i. Is f prime?
False
Is (322 - 320)/(2/508943) prime?
True
Let v = 436266 - 305687. Is v composite?
False
Suppose -4*v - 2*q - 3*q = 33, -v + 18 = -4*q. Suppose -4*j + 5*j = -16. Is (v + (-4)/(-3))/(j/62808) composite?
False
Let y(x) = 83248*x**2 - 932*x - 1869. Is y(-2) a prime number?
True
Suppose 5954 - 795413 - 1260797 = -16*l. Is l a composite number?
True
Suppose -201*v = -199*v - 62030. Suppose -2*u - v = -i - 4*u, 93042 = 3*i + 3*u. Is i prime?
True
Let k = 76067 + -41745. Is k/18 - (-12)/54 a composite number?
False
Let q(g) = 8*g**3 - 3*g**2 + 3*g - 1. Let t be q(1). Let f(k) = 27*k**3 + 14*k**2 - 11*k - 31. Is f(t) prime?
True
Let f(r) = -106*r + 86. Let u be f(19). Let y = u + 3907. Is y a composite number?
False
Let v(t) = 34*t**2 - 7*t + 11. Let r be v(-8). Suppose -2*o + r + 977 = 0. Let c = o + -1123. Is c a prime number?
True
Let s be (8/5)/(-4) + 14/35. Suppose -4*r = 3*f - 14490, 5*f - 24*r + 29*r - 24155 = s. Is f prime?
False
Let u(g) = 109*g + 22. Let f be -2 + (-64)/(-36) - (-188)/36. Let i(q) = 108*q + 21. Let x(p) = f*u(p) - 6*i(p). Is x(-11) composite?
False
Is ((-101)/707)/(2/(-1469692)*2) a composite number?
False
Let d = -37 - -39. Let h(m) = -3 + 10 + 4*m + 1391*m**d + 0 - 11. Is h(1) a prime number?
False
Suppose 5*g = 3*z - 6*z, 0 = -z. Suppose -4*i + g + 1 = -r, -4*i - 4 = 4*r. Is 877/(r + (4 - 2)) a composite number?
False
Suppose -273851 = -6*f + 199663. Is f a composite number?
False
Let k = 2056237 - 987720. Is k composite?
False
Let o(q) = q**3 + 84*q**2 - 64*q + 47. Is o(-38) prime?
True
Suppose 0 = 3*s + 9, 3*s = u + s - 51. Let z be (-8)/60 + 2 - (-6)/u. Suppose -4*j - z*x = -0*j - 49920, j + x = 12479. Is j a prime number?
False
Let s be (-4)/42 + (-11625)/315. Let m(r) = -r**3 - 37*r**2 - 9*r - 32. Is m(s) a composite number?
True
Let b = 16242 + -10334. Suppose -5*m = 2*m - b. Is (m/8)/(3/6) prime?
True
Let g = 463 - -937. Suppose 2086 = 3*t + l, 2*t + 3*l = -0*t + g. Is t a prime number?
False
Suppose -24*s + 10052749 + 2882939 = 0. Is s prime?
True
Suppose 4*z = 5*k - 206, -3*z + 5*k - 116 - 41 = 0. Let r be (242/(-110) - -1)*-640. Let j = r + z. Is j composite?
False
Let t be (-22)/33 - (-76972)/6. Suppose -3*x - x = -t. Is x composite?
True
Suppose 3*z + i = -270916 + 874269, 0 = 3*z - 5*i - 603359. Is z a prime number?
False
Let j = 321914 - 183147. Is j a composite number?
True
Suppose 2*i - 58171 = -3*z, 11*z + i = 6*z + 96940. Is z prime?
True
Let z(n) = 3*n**3 - n**2 + 2*n - 1. Let i be (-147)/(-105) + (3/5 - 1). Let b be z(i). Let f(d) = 45*d**3 - 3*d**2 - 3*d - 2. Is f(b) prime?
False
Suppose -481 = -5*k + 99. Let a = -50 + 52. Is k/a*333/18 a prime number?
False
Let s = -30 - -24. Let x(k) be the second derivative of -32*k**3/3 + 13*k**2/2 - 22*k. Is x(s) a composite number?
False
Suppose -4*o + 52719 = -3*f, -39552 = 2*o - 5*o - 2*f. Is 14/(-14) - o/(-3) prime?
False
Let c be (-224)/7*((-4858)/8 + 2). Suppose -4*n + 19372 = -29*o + 25*o, -c = -4*n + 2*o. Is n a composite number?
True
Let a(b) = 8*b - 195. Let f be a(25). Suppose 2*r - 1484 = f*l, -3*r + 6*l + 2201 = 11*l. Is r a composite number?
True
Suppose -12*k - 130 = 14*k. Is (1 - 2) + (k - -6 - -3791) composite?
True
Let c(g) = -3*g**2 - 2*g + 2. Let x be c(-3). Let i(u) = u**3 + 19*u**2 + 2*u + 9. Let w be i(x). Let z = w + 35. Is z a composite number?
True
Let w(g) = 2*g - 4*g + 197*g**2 + 400 - 396. Is w(-3) a composite number?
False
Let j(l) = -2*l**2 + 14*l + 54. Let r be j(10